{"id":23,"date":"2017-06-30T15:54:26","date_gmt":"2017-06-30T22:54:26","guid":{"rendered":"http:\/\/nlp-inbewegung.com\/?page_id=23"},"modified":"2018-06-11T16:15:03","modified_gmt":"2018-06-11T14:15:03","slug":"fuhrungskrafte-training","status":"publish","type":"page","link":"https:\/\/aheyer.de\/?page_id=23","title":{"rendered":"Training f\u00fcr F\u00fchrungskr\u00e4fte"},"content":{"rendered":"<h2>Aus F\u00fchrungskr\u00e4ften F\u00fchrungspers\u00f6nlichkeiten machen!<\/h2>\n<p>Ethische Werte &#8211; so kann nachhaltiges Wachstum gelingen.<\/p>\n<ol>\n<li><span style=\"color: #800000;\"><strong>Standfestigkeit<\/strong><\/span><br \/>\nUnersch\u00fctterlichkeit in schwierig(st)en Situationen.<\/li>\n<li><span style=\"color: #800000;\"><strong>Leidenschaft<\/strong><\/span><br \/>\nLust auf Leistung (bei sich selbst und Ihren Mitarbeitern).<\/li>\n<li><strong><span style=\"color: #800000;\">Selbst-Kontrolle<\/span><\/strong><br \/>\nSich selbst im Griff haben, um Personen und Situationen zu entsch\u00e4rfen.<\/li>\n<li><strong><span style=\"color: #800000;\">Liebe<\/span><\/strong><br \/>\nWertsch\u00e4tzendes Management als Voraussetzung f\u00fcr Spitzenleistungen.<\/li>\n<li><strong><span style=\"color: #800000;\">Kommunikation<\/span><\/strong><br \/>\n\u00dcberzeugungskraft in der Zivilisation (was n\u00fctzt es gut zu sein, wenn es keiner wei\u00df?).<\/li>\n<li><strong><span style=\"color: #800000;\">Wissen<\/span><\/strong><br \/>\nWas Sie und Ihr Umfeld weiterbringt verlangt Transferintelligenz.<br \/>\n(statt Wissensriese und Handlungszwerg)<\/li>\n<li><strong><span style=\"color: #800000;\">\u00a0Ethik<\/span><\/strong><br \/>\nMit Werten in F\u00fchrung gehen!<br \/>\nSie sind Ihr Schutzschild gegen Manipulation und Korruption im Verdr\u00e4ngungswettbewerb.<\/li>\n<\/ol>\n<p>&nbsp;<\/p>\n","protected":false},"excerpt":{"rendered":"<p>Aus F\u00fchrungskr\u00e4ften F\u00fchrungspers\u00f6nlichkeiten machen! Ethische Werte &#8211; so kann nachhaltiges Wachstum gelingen. Standfestigkeit Unersch\u00fctterlichkeit in schwierig(st)en Situationen. Leidenschaft Lust auf Leistung (bei sich selbst und Ihren Mitarbeitern). Selbst-Kontrolle Sich selbst im Griff haben, um Personen und Situationen zu entsch\u00e4rfen. Liebe Wertsch\u00e4tzendes Management als Voraussetzung f\u00fcr Spitzenleistungen. Kommunikation \u00dcberzeugungskraft in der Zivilisation (was n\u00fctzt es gut &hellip; <a href=\"https:\/\/aheyer.de\/?page_id=23\" class=\"more-link\"><span class=\"screen-reader-text\">&#8222;Training f\u00fcr F\u00fchrungskr\u00e4fte&#8220; <\/span>weiterlesen<\/a><\/p>\n","protected":false},"author":1,"featured_media":0,"parent":0,"menu_order":0,"comment_status":"closed","ping_status":"closed","template":"","meta":{"footnotes":""},"class_list":["post-23","page","type-page","status-publish","hentry"],"_links":{"self":[{"href":"https:\/\/aheyer.de\/index.php?rest_route=\/wp\/v2\/pages\/23","targetHints":{"allow":["GET"]}}],"collection":[{"href":"https:\/\/aheyer.de\/index.php?rest_route=\/wp\/v2\/pages"}],"about":[{"href":"https:\/\/aheyer.de\/index.php?rest_route=\/wp\/v2\/types\/page"}],"author":[{"embeddable":true,"href":"https:\/\/aheyer.de\/index.php?rest_route=\/wp\/v2\/users\/1"}],"replies":[{"embeddable":true,"href":"https:\/\/aheyer.de\/index.php?rest_route=%2Fwp%2Fv2%2Fcomments&post=23"}],"version-history":[{"count":6,"href":"https:\/\/aheyer.de\/index.php?rest_route=\/wp\/v2\/pages\/23\/revisions"}],"predecessor-version":[{"id":299,"href":"https:\/\/aheyer.de\/index.php?rest_route=\/wp\/v2\/pages\/23\/revisions\/299"}],"wp:attachment":[{"href":"https:\/\/aheyer.de\/index.php?rest_route=%2Fwp%2Fv2%2Fmedia&parent=23"}],"curies":[{"name":"wp","href":"https:\/\/api.w.org\/{rel}","templated":true}]}}