{"id":40,"date":"2017-06-30T16:49:12","date_gmt":"2017-06-30T23:49:12","guid":{"rendered":"http:\/\/nlp-inbewegung.com\/?page_id=40"},"modified":"2020-05-04T12:19:35","modified_gmt":"2020-05-04T10:19:35","slug":"nlp-und-fitness","status":"publish","type":"page","link":"https:\/\/aheyer.de\/?page_id=40","title":{"rendered":"NLP und Fitness"},"content":{"rendered":"<p>Im NLP arbeiten wir mit den 5 Sinneskn\u00e4len Visuell, Auditiv, Kin\u00e4sthetisch, Olfaktorisch und Gustatorisch. Dies bedeutet Sehen, H\u00f6ren, F\u00fchlen\/Bewegen, Riechen und Schmecken.<br \/>\nDer Bewegungs-Sinn findet hier seine Wertsch\u00e4tzung durch Fitness.<br \/>\nNachmitt\u00e4gliches XCO-Walking erh\u00f6ht die Aufmerksamkeit, steigert das Zugeh\u00f6rigkeitsgef\u00fchl und die Motivation.<\/p>\n<h2>Einf\u00fchrung<\/h2>\n<p>Teilnehmer der NLP-Seminare&nbsp;haben t\u00e4glich Gelegenheit, an einem Fitnesstraining&nbsp;teilzunehmen.So wird nicht nur der Geist, sondern auch der K\u00f6rper aufgebaut, ein ganzheitliches Seminar entsteht.Viele Seminarteilnehmer haben bereits die positive Wirkung der einzigartigen Kombination von NLP mit Fitness best\u00e4tigt.Das Fitnesstraining bietet dem Geist Gelegenheit, sich zu entspannen und tr\u00e4gt im Zusammenhang mit der erholsamen Atmosph\u00e4re&nbsp;auf den&nbsp;Waldwegen des Taunus zu einem \u00bbRundum\u00ab-Wohlgef\u00fchl bei.Das Training besteht aus&nbsp;nachmitt\u00e4glichem XCO-Walking.<\/p>\n<h2>Walking<\/h2>\n<p>&#8222;Walking kann jeder! Zum Walking wird nichts weiter als bequeme Kleidung und bequeme Sportschuhe ben\u00f6tigt. Man kann sofort starten und profitiert bereits nach kurzer Zeit von den positiven Effekten des sanften Ausdauersports.Walking ist gelenkschonend. Inzwischen belegen zahlreiche Untersuchungen, dass man durch regelm\u00e4\u00dfiges Walken seine Fitness innerhalb von 2 Monaten um 10 &#8211; 20 % verbessern kann. Walker kurbeln mit den schnellen Schritten ihren Stoffwechsel kr\u00e4ftig an und es werden auch noch einige Zeit nach dem Gehen Kalorien verbrannt. Weitere positive Effekte: Senkung des Ruhepulses und des Blutdruckes, Senkung des Blutzuckers und des Cholesterinspiegels sowie eine Verbesserung der Durchblutung.&#8220;<\/p>\n","protected":false},"excerpt":{"rendered":"<p>Im NLP arbeiten wir mit den 5 Sinneskn\u00e4len Visuell, Auditiv, Kin\u00e4sthetisch, Olfaktorisch und Gustatorisch. Dies bedeutet Sehen, H\u00f6ren, F\u00fchlen\/Bewegen, Riechen und Schmecken. Der Bewegungs-Sinn findet hier seine Wertsch\u00e4tzung durch Fitness. Nachmitt\u00e4gliches XCO-Walking erh\u00f6ht die Aufmerksamkeit, steigert das Zugeh\u00f6rigkeitsgef\u00fchl und die Motivation. Einf\u00fchrung Teilnehmer der NLP-Seminare&nbsp;haben t\u00e4glich Gelegenheit, an einem Fitnesstraining&nbsp;teilzunehmen.So wird nicht nur der Geist, &hellip; <a href=\"https:\/\/aheyer.de\/?page_id=40\" class=\"more-link\"><span class=\"screen-reader-text\">&#8222;NLP und Fitness&#8220; <\/span>weiterlesen<\/a><\/p>\n","protected":false},"author":1,"featured_media":226,"parent":0,"menu_order":0,"comment_status":"closed","ping_status":"closed","template":"","meta":{"footnotes":""},"class_list":["post-40","page","type-page","status-publish","has-post-thumbnail","hentry"],"_links":{"self":[{"href":"https:\/\/aheyer.de\/index.php?rest_route=\/wp\/v2\/pages\/40","targetHints":{"allow":["GET"]}}],"collection":[{"href":"https:\/\/aheyer.de\/index.php?rest_route=\/wp\/v2\/pages"}],"about":[{"href":"https:\/\/aheyer.de\/index.php?rest_route=\/wp\/v2\/types\/page"}],"author":[{"embeddable":true,"href":"https:\/\/aheyer.de\/index.php?rest_route=\/wp\/v2\/users\/1"}],"replies":[{"embeddable":true,"href":"https:\/\/aheyer.de\/index.php?rest_route=%2Fwp%2Fv2%2Fcomments&post=40"}],"version-history":[{"count":5,"href":"https:\/\/aheyer.de\/index.php?rest_route=\/wp\/v2\/pages\/40\/revisions"}],"predecessor-version":[{"id":390,"href":"https:\/\/aheyer.de\/index.php?rest_route=\/wp\/v2\/pages\/40\/revisions\/390"}],"wp:featuredmedia":[{"embeddable":true,"href":"https:\/\/aheyer.de\/index.php?rest_route=\/wp\/v2\/media\/226"}],"wp:attachment":[{"href":"https:\/\/aheyer.de\/index.php?rest_route=%2Fwp%2Fv2%2Fmedia&parent=40"}],"curies":[{"name":"wp","href":"https:\/\/api.w.org\/{rel}","templated":true}]}}