{"id":42,"date":"2017-06-30T16:53:48","date_gmt":"2017-06-30T23:53:48","guid":{"rendered":"http:\/\/nlp-inbewegung.com\/?page_id=42"},"modified":"2020-10-10T18:06:29","modified_gmt":"2020-10-10T16:06:29","slug":"coaching-ausbildung","status":"publish","type":"page","link":"https:\/\/aheyer.de\/?page_id=42","title":{"rendered":"Ausbildung zum TeamCoach"},"content":{"rendered":"<blockquote><p>Als ich gefragt wurde, &#8222;&#8230; was unterscheidet Sie von anderen Trainern?&#8220; antwortete ich spontan: &#8222;Ich lege Wert auf emotionale Beteiligung!&#8220;<\/p><\/blockquote>\n<p>Sie erleben eine Ausbildung, die neben dem NLP, den systemischen Ansatz von Gunther Schmidt, die Ans\u00e4tze von Ben Furman, der L\u00f6sungsorientierten Psychologie, sowie der Mediation Anita von Hertels, integriert.<br \/>\nProfessionell, qualifiziert und pers\u00f6nlich. Anita Heyer bietet einzigartig in Deutschland eine integrative, interdisziplin\u00e4re TeamCoaching-Ausbildung f\u00fcr praktische Anwendungen im Business an, die Sie in die richtige Position bringen das Gelernte sicher, schnell und professionell in Ihren pers\u00f6nlichen Kontext umsetzen zu k\u00f6nnen.<\/p>\n<p>Das t\u00e4gliche XCO-Walking ist integraler Bestandteil der Ausbildung. Das ist Lernen in Bewegung \u2013 Coaching in Bewegung.<\/p>\n<p>Auszug aus dem Programm:<\/p>\n<ul>\n<li>Grundlagen l\u00f6sungsfokussierten Teamcoachings<\/li>\n<li>Unterschied: Team- und Einzelcoaching<\/li>\n<li>Mediationskonzepte Anita von Hertels<\/li>\n<li>Virtuelle Teams<\/li>\n<li>Ben Furman und Reteaming<\/li>\n<li>Umgang mit \u201eschwierigen\u201c Teilnehmern<\/li>\n<li>Andere Schwierigkeiten<\/li>\n<li>Provokatives Coaching<\/li>\n<\/ul>\n<p>Dauer der Ausbildung: 18 Tage<br \/>\nKosten: 5.950,00 Euro<br \/>\nFirmenpreis: 7.150,00 Euro incl. MwSt.<\/p>\n<p>Start: Oktober 2020<\/p>\n<p>Information zur TeamCoach-Ausbildung:<br \/>\nSie ist in 6 verschiedene Module gegliedert.<br \/>\nDank dieses modernen Lehrsystems ist es uns m\u00f6glich, Ihnen die bestm\u00f6gliche Flexibilit\u00e4t zu gew\u00e4hrleisten. Auf diese Weise k\u00f6nnen Sie Ihre Module einzeln buchen und zeitlich variabel mit Ihren beruflichen oder famili\u00e4ren Terminen abstimmen, indem Sie diese zu einem sp\u00e4teren Zeitpunkt, z.B. im folgenden Jahr, nachholen. Sind alle Module erfolgreich absolviert, endet die Coachingausbilung mit Zertifikat und Siegel<br \/>\n(z. B. Pro C Coach).<\/p>\n","protected":false},"excerpt":{"rendered":"<p>Als ich gefragt wurde, &#8222;&#8230; was unterscheidet Sie von anderen Trainern?&#8220; antwortete ich spontan: &#8222;Ich lege Wert auf emotionale Beteiligung!&#8220; Sie erleben eine Ausbildung, die neben dem NLP, den systemischen Ansatz von Gunther Schmidt, die Ans\u00e4tze von Ben Furman, der L\u00f6sungsorientierten Psychologie, sowie der Mediation Anita von Hertels, integriert. Professionell, qualifiziert und pers\u00f6nlich. Anita Heyer &hellip; <a href=\"https:\/\/aheyer.de\/?page_id=42\" class=\"more-link\"><span class=\"screen-reader-text\">&#8222;Ausbildung zum TeamCoach&#8220; <\/span>weiterlesen<\/a><\/p>\n","protected":false},"author":1,"featured_media":0,"parent":0,"menu_order":0,"comment_status":"closed","ping_status":"closed","template":"","meta":{"footnotes":""},"class_list":["post-42","page","type-page","status-publish","hentry"],"_links":{"self":[{"href":"https:\/\/aheyer.de\/index.php?rest_route=\/wp\/v2\/pages\/42","targetHints":{"allow":["GET"]}}],"collection":[{"href":"https:\/\/aheyer.de\/index.php?rest_route=\/wp\/v2\/pages"}],"about":[{"href":"https:\/\/aheyer.de\/index.php?rest_route=\/wp\/v2\/types\/page"}],"author":[{"embeddable":true,"href":"https:\/\/aheyer.de\/index.php?rest_route=\/wp\/v2\/users\/1"}],"replies":[{"embeddable":true,"href":"https:\/\/aheyer.de\/index.php?rest_route=%2Fwp%2Fv2%2Fcomments&post=42"}],"version-history":[{"count":9,"href":"https:\/\/aheyer.de\/index.php?rest_route=\/wp\/v2\/pages\/42\/revisions"}],"predecessor-version":[{"id":519,"href":"https:\/\/aheyer.de\/index.php?rest_route=\/wp\/v2\/pages\/42\/revisions\/519"}],"wp:attachment":[{"href":"https:\/\/aheyer.de\/index.php?rest_route=%2Fwp%2Fv2%2Fmedia&parent=42"}],"curies":[{"name":"wp","href":"https:\/\/api.w.org\/{rel}","templated":true}]}}